{"id":24259,"date":"2016-11-09T14:34:29","date_gmt":"2016-11-09T13:34:29","guid":{"rendered":"https:\/\/antoinemortier.com\/decryptages\/about-the-bullfight-on-september-27-1953-in-nimes\/"},"modified":"2026-09-03T13:22:09","modified_gmt":"2026-09-03T11:22:09","slug":"about-the-bullfight-on-september-27-1953-in-nimes","status":"publish","type":"text","link":"https:\/\/antoinemortier.com\/en\/decoding\/about-the-bullfight-on-september-27-1953-in-nimes\/","title":{"rendered":"About the bullfight on September 27, 1953, in N\u00eemes"},"featured_media":24261,"template":"","class_list":["post-24259","text","type-text","status-publish","has-post-thumbnail","hentry"],"acf":[],"yoast_head":"<!-- This site is optimized with the Yoast SEO plugin v27.9 - https:\/\/yoast.com\/product\/yoast-seo-wordpress\/ -->\n<title>About the bullfight on September 27, 1953, in N\u00eemes &#8212; Antoine Mortier<\/title>\n<meta name=\"description\" content=\"Antoine Mortier (1908-1999). Peintre, dessinateur et sculpteur belge actif dans l\u2019apr\u00e8s-guerre, li\u00e9 \u00e0 l\u2019abstraction lyrique europ\u00e9enne.\" \/>\n<meta name=\"robots\" content=\"index, follow, max-snippet:-1, max-image-preview:large, max-video-preview:-1\" \/>\n<link rel=\"canonical\" href=\"https:\/\/antoinemortier.com\/en\/decoding\/about-the-bullfight-on-september-27-1953-in-nimes\/\" \/>\n<meta property=\"og:locale\" content=\"en_US\" \/>\n<meta property=\"og:type\" content=\"article\" \/>\n<meta property=\"og:title\" content=\"About the bullfight on September 27, 1953, in N\u00eemes &#8212; Antoine Mortier\" \/>\n<meta property=\"og:description\" content=\"Antoine Mortier (1908-1999). Peintre, dessinateur et sculpteur belge actif dans l\u2019apr\u00e8s-guerre, li\u00e9 \u00e0 l\u2019abstraction lyrique europ\u00e9enne.\" \/>\n<meta property=\"og:url\" content=\"https:\/\/antoinemortier.com\/en\/decoding\/about-the-bullfight-on-september-27-1953-in-nimes\/\" \/>\n<meta property=\"og:site_name\" content=\"Antoine Mortier\" \/>\n<meta property=\"article:publisher\" content=\"https:\/\/www.facebook.com\/AntoineMortier1908\/\" \/>\n<meta property=\"article:modified_time\" content=\"2026-09-03T11:22:09+00:00\" \/>\n<meta property=\"og:image\" content=\"https:\/\/antoinemortier.com\/wp-content\/uploads\/2016\/11\/201611-Le-Combat-E.jpg\" \/>\n\t<meta property=\"og:image:width\" content=\"960\" \/>\n\t<meta property=\"og:image:height\" content=\"1104\" \/>\n\t<meta property=\"og:image:type\" content=\"image\/jpeg\" \/>\n<meta name=\"twitter:card\" content=\"summary_large_image\" \/>\n<script type=\"application\/ld+json\" class=\"yoast-schema-graph\">{\"@context\":\"https:\\\/\\\/schema.org\",\"@graph\":[{\"@type\":\"WebPage\",\"@id\":\"https:\\\/\\\/antoinemortier.com\\\/en\\\/decoding\\\/about-the-bullfight-on-september-27-1953-in-nimes\\\/\",\"url\":\"https:\\\/\\\/antoinemortier.com\\\/en\\\/decoding\\\/about-the-bullfight-on-september-27-1953-in-nimes\\\/\",\"name\":\"About the bullfight on September 27, 1953, in N\u00eemes &#8212; Antoine Mortier\",\"isPartOf\":{\"@id\":\"https:\\\/\\\/antoinemortier.com\\\/en\\\/#website\"},\"primaryImageOfPage\":{\"@id\":\"https:\\\/\\\/antoinemortier.com\\\/en\\\/decoding\\\/about-the-bullfight-on-september-27-1953-in-nimes\\\/#primaryimage\"},\"image\":{\"@id\":\"https:\\\/\\\/antoinemortier.com\\\/en\\\/decoding\\\/about-the-bullfight-on-september-27-1953-in-nimes\\\/#primaryimage\"},\"thumbnailUrl\":\"https:\\\/\\\/antoinemortier.com\\\/wp-content\\\/uploads\\\/2016\\\/11\\\/201611-Le-Combat-E.jpg\",\"datePublished\":\"2016-11-09T13:34:29+00:00\",\"dateModified\":\"2026-09-03T11:22:09+00:00\",\"description\":\"Antoine Mortier (1908-1999). Peintre, dessinateur et sculpteur belge actif dans l\u2019apr\u00e8s-guerre, li\u00e9 \u00e0 l\u2019abstraction lyrique europ\u00e9enne.\",\"breadcrumb\":{\"@id\":\"https:\\\/\\\/antoinemortier.com\\\/en\\\/decoding\\\/about-the-bullfight-on-september-27-1953-in-nimes\\\/#breadcrumb\"},\"inLanguage\":\"en-US\",\"potentialAction\":[{\"@type\":\"ReadAction\",\"target\":[\"https:\\\/\\\/antoinemortier.com\\\/en\\\/decoding\\\/about-the-bullfight-on-september-27-1953-in-nimes\\\/\"]}]},{\"@type\":\"ImageObject\",\"inLanguage\":\"en-US\",\"@id\":\"https:\\\/\\\/antoinemortier.com\\\/en\\\/decoding\\\/about-the-bullfight-on-september-27-1953-in-nimes\\\/#primaryimage\",\"url\":\"https:\\\/\\\/antoinemortier.com\\\/wp-content\\\/uploads\\\/2016\\\/11\\\/201611-Le-Combat-E.jpg\",\"contentUrl\":\"https:\\\/\\\/antoinemortier.com\\\/wp-content\\\/uploads\\\/2016\\\/11\\\/201611-Le-Combat-E.jpg\",\"width\":960,\"height\":1104},{\"@type\":\"BreadcrumbList\",\"@id\":\"https:\\\/\\\/antoinemortier.com\\\/en\\\/decoding\\\/about-the-bullfight-on-september-27-1953-in-nimes\\\/#breadcrumb\",\"itemListElement\":[{\"@type\":\"ListItem\",\"position\":1,\"name\":\"Accueil\",\"item\":\"https:\\\/\\\/antoinemortier.com\\\/en\\\/\"},{\"@type\":\"ListItem\",\"position\":2,\"name\":\"Decoding\",\"item\":\"https:\\\/\\\/antoinemortier.com\\\/en\\\/decoding\\\/\"},{\"@type\":\"ListItem\",\"position\":3,\"name\":\"About the bullfight on September 27, 1953, in N\u00eemes\"}]},{\"@type\":\"WebSite\",\"@id\":\"https:\\\/\\\/antoinemortier.com\\\/en\\\/#website\",\"url\":\"https:\\\/\\\/antoinemortier.com\\\/en\\\/\",\"name\":\"Antoine Mortier\",\"description\":\"\",\"potentialAction\":[{\"@type\":\"SearchAction\",\"target\":{\"@type\":\"EntryPoint\",\"urlTemplate\":\"https:\\\/\\\/antoinemortier.com\\\/en\\\/?s={search_term_string}\"},\"query-input\":{\"@type\":\"PropertyValueSpecification\",\"valueRequired\":true,\"valueName\":\"search_term_string\"}}],\"inLanguage\":\"en-US\"}]}<\/script>\n<!-- \/ Yoast SEO plugin. -->","yoast_head_json":{"title":"About the bullfight on September 27, 1953, in N\u00eemes &#8212; Antoine Mortier","description":"Antoine Mortier (1908-1999). Peintre, dessinateur et sculpteur belge actif dans l\u2019apr\u00e8s-guerre, li\u00e9 \u00e0 l\u2019abstraction lyrique europ\u00e9enne.","robots":{"index":"index","follow":"follow","max-snippet":"max-snippet:-1","max-image-preview":"max-image-preview:large","max-video-preview":"max-video-preview:-1"},"canonical":"https:\/\/antoinemortier.com\/en\/decoding\/about-the-bullfight-on-september-27-1953-in-nimes\/","og_locale":"en_US","og_type":"article","og_title":"About the bullfight on September 27, 1953, in N\u00eemes &#8212; Antoine Mortier","og_description":"Antoine Mortier (1908-1999). Peintre, dessinateur et sculpteur belge actif dans l\u2019apr\u00e8s-guerre, li\u00e9 \u00e0 l\u2019abstraction lyrique europ\u00e9enne.","og_url":"https:\/\/antoinemortier.com\/en\/decoding\/about-the-bullfight-on-september-27-1953-in-nimes\/","og_site_name":"Antoine Mortier","article_publisher":"https:\/\/www.facebook.com\/AntoineMortier1908\/","article_modified_time":"2026-09-03T11:22:09+00:00","og_image":[{"width":960,"height":1104,"url":"https:\/\/antoinemortier.com\/wp-content\/uploads\/2016\/11\/201611-Le-Combat-E.jpg","type":"image\/jpeg"}],"twitter_card":"summary_large_image","schema":{"@context":"https:\/\/schema.org","@graph":[{"@type":"WebPage","@id":"https:\/\/antoinemortier.com\/en\/decoding\/about-the-bullfight-on-september-27-1953-in-nimes\/","url":"https:\/\/antoinemortier.com\/en\/decoding\/about-the-bullfight-on-september-27-1953-in-nimes\/","name":"About the bullfight on September 27, 1953, in N\u00eemes &#8212; Antoine Mortier","isPartOf":{"@id":"https:\/\/antoinemortier.com\/en\/#website"},"primaryImageOfPage":{"@id":"https:\/\/antoinemortier.com\/en\/decoding\/about-the-bullfight-on-september-27-1953-in-nimes\/#primaryimage"},"image":{"@id":"https:\/\/antoinemortier.com\/en\/decoding\/about-the-bullfight-on-september-27-1953-in-nimes\/#primaryimage"},"thumbnailUrl":"https:\/\/antoinemortier.com\/wp-content\/uploads\/2016\/11\/201611-Le-Combat-E.jpg","datePublished":"2016-11-09T13:34:29+00:00","dateModified":"2026-09-03T11:22:09+00:00","description":"Antoine Mortier (1908-1999). Peintre, dessinateur et sculpteur belge actif dans l\u2019apr\u00e8s-guerre, li\u00e9 \u00e0 l\u2019abstraction lyrique europ\u00e9enne.","breadcrumb":{"@id":"https:\/\/antoinemortier.com\/en\/decoding\/about-the-bullfight-on-september-27-1953-in-nimes\/#breadcrumb"},"inLanguage":"en-US","potentialAction":[{"@type":"ReadAction","target":["https:\/\/antoinemortier.com\/en\/decoding\/about-the-bullfight-on-september-27-1953-in-nimes\/"]}]},{"@type":"ImageObject","inLanguage":"en-US","@id":"https:\/\/antoinemortier.com\/en\/decoding\/about-the-bullfight-on-september-27-1953-in-nimes\/#primaryimage","url":"https:\/\/antoinemortier.com\/wp-content\/uploads\/2016\/11\/201611-Le-Combat-E.jpg","contentUrl":"https:\/\/antoinemortier.com\/wp-content\/uploads\/2016\/11\/201611-Le-Combat-E.jpg","width":960,"height":1104},{"@type":"BreadcrumbList","@id":"https:\/\/antoinemortier.com\/en\/decoding\/about-the-bullfight-on-september-27-1953-in-nimes\/#breadcrumb","itemListElement":[{"@type":"ListItem","position":1,"name":"Accueil","item":"https:\/\/antoinemortier.com\/en\/"},{"@type":"ListItem","position":2,"name":"Decoding","item":"https:\/\/antoinemortier.com\/en\/decoding\/"},{"@type":"ListItem","position":3,"name":"About the bullfight on September 27, 1953, in N\u00eemes"}]},{"@type":"WebSite","@id":"https:\/\/antoinemortier.com\/en\/#website","url":"https:\/\/antoinemortier.com\/en\/","name":"Antoine Mortier","description":"","potentialAction":[{"@type":"SearchAction","target":{"@type":"EntryPoint","urlTemplate":"https:\/\/antoinemortier.com\/en\/?s={search_term_string}"},"query-input":{"@type":"PropertyValueSpecification","valueRequired":true,"valueName":"search_term_string"}}],"inLanguage":"en-US"}]}},"_links":{"self":[{"href":"https:\/\/antoinemortier.com\/en\/wp-json\/wp\/v2\/text\/24259","targetHints":{"allow":["GET"]}}],"collection":[{"href":"https:\/\/antoinemortier.com\/en\/wp-json\/wp\/v2\/text"}],"about":[{"href":"https:\/\/antoinemortier.com\/en\/wp-json\/wp\/v2\/types\/text"}],"wp:featuredmedia":[{"embeddable":true,"href":"https:\/\/antoinemortier.com\/en\/wp-json\/wp\/v2\/media\/24261"}],"wp:attachment":[{"href":"https:\/\/antoinemortier.com\/en\/wp-json\/wp\/v2\/media?parent=24259"}],"curies":[{"name":"wp","href":"https:\/\/api.w.org\/{rel}","templated":true}]}}

About the bullfight on September 27, 1953, in Nîmes

<!-- This site is optimized with the Yoast SEO plugin v27.9 - https://yoast.com/product/yoast-seo-wordpress/ -->
<title>About the bullfight on September 27, 1953, in Nîmes &#8212; Antoine Mortier</title>
<meta name="description" content="Antoine Mortier (1908-1999). Peintre, dessinateur et sculpteur belge actif dans l’après-guerre, lié à l’abstraction lyrique européenne." />
<meta name="robots" content="index, follow, max-snippet:-1, max-image-preview:large, max-video-preview:-1" />
<link rel="canonical" href="https://antoinemortier.com/en/decoding/about-the-bullfight-on-september-27-1953-in-nimes/" />
<meta property="og:locale" content="en_US" />
<meta property="og:type" content="article" />
<meta property="og:title" content="About the bullfight on September 27, 1953, in Nîmes &#8212; Antoine Mortier" />
<meta property="og:description" content="Antoine Mortier (1908-1999). Peintre, dessinateur et sculpteur belge actif dans l’après-guerre, lié à l’abstraction lyrique européenne." />
<meta property="og:url" content="https://antoinemortier.com/en/decoding/about-the-bullfight-on-september-27-1953-in-nimes/" />
<meta property="og:site_name" content="Antoine Mortier" />
<meta property="article:publisher" content="https://www.facebook.com/AntoineMortier1908/" />
<meta property="article:modified_time" content="2026-09-03T11:22:09+00:00" />
<meta property="og:image" content="https://antoinemortier.com/wp-content/uploads/2016/11/201611-Le-Combat-E.jpg" />
	<meta property="og:image:width" content="960" />
	<meta property="og:image:height" content="1104" />
	<meta property="og:image:type" content="image/jpeg" />
<meta name="twitter:card" content="summary_large_image" />
<script type="application/ld+json" class="yoast-schema-graph">{"@context":"https:\/\/schema.org","@graph":[{"@type":"WebPage","@id":"https:\/\/antoinemortier.com\/en\/decoding\/about-the-bullfight-on-september-27-1953-in-nimes\/","url":"https:\/\/antoinemortier.com\/en\/decoding\/about-the-bullfight-on-september-27-1953-in-nimes\/","name":"About the bullfight on September 27, 1953, in Nîmes &#8212; Antoine Mortier","isPartOf":{"@id":"https:\/\/antoinemortier.com\/en\/#website"},"primaryImageOfPage":{"@id":"https:\/\/antoinemortier.com\/en\/decoding\/about-the-bullfight-on-september-27-1953-in-nimes\/#primaryimage"},"image":{"@id":"https:\/\/antoinemortier.com\/en\/decoding\/about-the-bullfight-on-september-27-1953-in-nimes\/#primaryimage"},"thumbnailUrl":"https:\/\/antoinemortier.com\/wp-content\/uploads\/2016\/11\/201611-Le-Combat-E.jpg","datePublished":"2016-11-09T13:34:29+00:00","dateModified":"2026-09-03T11:22:09+00:00","description":"Antoine Mortier (1908-1999). Peintre, dessinateur et sculpteur belge actif dans l’après-guerre, lié à l’abstraction lyrique européenne.","breadcrumb":{"@id":"https:\/\/antoinemortier.com\/en\/decoding\/about-the-bullfight-on-september-27-1953-in-nimes\/#breadcrumb"},"inLanguage":"en-US","potentialAction":[{"@type":"ReadAction","target":["https:\/\/antoinemortier.com\/en\/decoding\/about-the-bullfight-on-september-27-1953-in-nimes\/"]}]},{"@type":"ImageObject","inLanguage":"en-US","@id":"https:\/\/antoinemortier.com\/en\/decoding\/about-the-bullfight-on-september-27-1953-in-nimes\/#primaryimage","url":"https:\/\/antoinemortier.com\/wp-content\/uploads\/2016\/11\/201611-Le-Combat-E.jpg","contentUrl":"https:\/\/antoinemortier.com\/wp-content\/uploads\/2016\/11\/201611-Le-Combat-E.jpg","width":960,"height":1104},{"@type":"BreadcrumbList","@id":"https:\/\/antoinemortier.com\/en\/decoding\/about-the-bullfight-on-september-27-1953-in-nimes\/#breadcrumb","itemListElement":[{"@type":"ListItem","position":1,"name":"Accueil","item":"https:\/\/antoinemortier.com\/en\/"},{"@type":"ListItem","position":2,"name":"Decoding","item":"https:\/\/antoinemortier.com\/en\/decoding\/"},{"@type":"ListItem","position":3,"name":"About the bullfight on September 27, 1953, in Nîmes"}]},{"@type":"WebSite","@id":"https:\/\/antoinemortier.com\/en\/#website","url":"https:\/\/antoinemortier.com\/en\/","name":"Antoine Mortier","description":"","potentialAction":[{"@type":"SearchAction","target":{"@type":"EntryPoint","urlTemplate":"https:\/\/antoinemortier.com\/en\/?s={search_term_string}"},"query-input":{"@type":"PropertyValueSpecification","valueRequired":true,"valueName":"search_term_string"}}],"inLanguage":"en-US"}]}</script>
<!-- / Yoast SEO plugin. -->

About the bullfight on September 27, 1953, in Nîmes &#8212; Antoine Mortier

Antoine Mortier (1908-1999). Peintre, dessinateur et sculpteur belge actif dans l’après-guerre, lié à l’abstraction lyrique européenne.
